e o(19).
3
Let j(v) = -38*v**3 + 80*v**2 + 54*v - 117. Give j(2).
7
Let t(x) = 2*x**3 - 48*x**2 + 277*x - 113. What is t(15)?
-8
Let u(k) = -340*k + 3415. Determine u(10).
15
Let g(f) = -3*f**2 + 69*f + 852. Calculate g(32).
-12
Let t(g) = -g**3 - 18*g**2 + 72*g - 26. Give t(5).
-241
Let q(s) = s**2 - 7*s - 61. Determine q(15).
59
Let a(k) = -591*k + 608. Determine a(1).
17
Let y(f) = -122*f**3 + 3*f + 1. What is y(-1)?
120
Let o(r) = -40681*r + 569538. Give o(14).
4
Let n(r) = r**3 - 19*r**2 + 95*r - 170. Give n(13).
51
Let j(k) = 755*k**2 - 4*k - 4. Determine j(0).
-4
Let g(t) = 2*t**2 + 152*t + 1366. Determine g(-9).
160
Let q(f) = f**3 - 2*f**2 - 175*f - 20. Give q(14).
-118
Let p(k) = k**3 - 65*k**2 - 6*k + 387. Give p(65).
-3
Let w(g) = g**2 + 59*g - 131. Determine w(-61).
-9
Let r(f) = -3*f**3 - 2*f**2 + 22*f - 3. Determine r(7).
-976
Let d(i) = i**3 + 3*i**2 + 5*i + 16. Calculate d(-3).
1
Let i(w) = 29*w + 172. What is i(-4)?
56
Let d(t) = -t**3 + 11*t**2 - 14*t + 135. Give d(11).
-19
Let w(r) = -2*r**2 - 82*r - 851. What is w(-22)?
-15
Let g(x) = 8*x**3 + 145*x**2 + 10*x - 148. Calculate g(-18).
-4
Let r(b) = 5*b**2 + 59*b - 52. Give r(-13).
26
Let v(p) = p**3 - 10*p**2 - 53*p - 12. Give v(14).
30
Let p(k) = k**2 - 29*k - 64. Give p(31).
-2
Let p(k) = -9*k**3 + 80*k**2 + 60*k - 6. Calculate p(9).
453
Let d(v) = v**3 - 23*v**2 + 109*v - 16. Determine d(13).
-289
Let w(m) = -m**3 - 23*m**2 - 38*m + 105. Determine w(-21).
21
Let x(n) = -3333*n - 213307. Calculate x(-64).
5
Let i(b) = -44*b**2 + 659*b - 27. What is i(15)?
-42
Let z(y) = y**2 + 66*y + 582. Calculate z(-9).
69
Let j(h) = 4*h**2 + 51*h + 47. Give j(-16).
255
Let y(z) = z**2 - 1332*z + 23694. Give y(18).
42
Let x(n) = -10*n**2 + 402*n + 312. Give x(41).
-16
Let t(b) = b**3 - 35*b**2 + 68*b - 80. What is t(33)?
-14
Let j(k) = k**3 - 6*k**2 - 2*k + 8. Calculate j(7).
43
Let k(f) = 21*f + 993. Calculate k(-47).
6
Let u(y) = y**2 - 198*y + 2056. Determine u(11).
-1
Let w(z) = 9*z**2 - 380*z - 297. What is w(43)?
4
Let b(r) = -r**3 - 26*r**2 + 7*r + 172. Give b(-26).
-10
Let i(o) = 15881*o + 31762. Determine i(-2).
0
Let k(w) = -3*w**2 + 908*w + 2725. What is k(-3)?
-26
Let t(j) = j**3 - 6*j**2 - 224*j + 1676. Calculate t(8).
12
Let o(t) = 5*t**3 - 18*t**2 - 14*t + 23. Calculate o(4).
-1
Let d(u) = -u - 74. Calculate d(-84).
10
Let g(z) = -715*z - 7841. Determine g(-11).
24
Let f(v) = -49*v + 3274. Calculate f(67).
-9
Let g(u) = 2*u**3 - 158*u**2 + 21*u - 1661. Give g(79).
-2
Let g(i) = i**3 + 21*i**2 - 49*i - 53. What is g(-23)?
16
Let p(l) = -23*l**2 + 70*l - 5. Determine p(3).
-2
Let x(t) = -4*t**2 - 17*t + 8. What is x(-3)?
23
Let s(x) = -2*x**3 + 6*x**2 + 43*x - 123. What is s(6)?
-81
Let p(r) = 604*r**3 - 4*r**2 + 6*r - 2. What is p(1)?
604
Let m(r) = -r**3 - 43*r**2 + 353*r + 150. Determine m(-50).
0
Let g(j) = -2*j**3 - 20*j**2 - 42*j - 16. Calculate g(-7).
-16
Let b(y) = y**3 - 8*y**2 - 44*y - 27. What is b(12)?
21
Let d(j) = 4*j**3 - j**2. Give d(0).
0
Let d(x) = -30*x**3 + x**2 + 360*x - 360. What is d(1)?
-29
Let q(d) = -186*d + 2223. Determine q(12).
-9
Let d(o) = -12*o**3 + 59*o + 61. Determine d(-1).
14
Let n(d) = 25*d + 471. What is n(-19)?
-4
Let c(d) = -2*d**3 - 15*d**2 + 21*d + 101. Give c(-8).
-3
Let k(g) = -g**3 + 22*g**2 - 54*g - 27. Determine k(4).
45
Let f(m) = -2*m**3 - 27*m**2 - 6*m + 4. Determine f(0).
4
Let p(k) = -5*k**2 - 171*k - 97. Determine p(-36).
-421
Let r(b) = -b**3 + 2*b**2 + 24*b + 12. Calculate r(6).
12
Let t(v) = 261*v**3 - 3*v**2 + v + 2. What is t(-1)?
-263
Let z(j) = -j**2 + 8*j + 14. What is z(26)?
-454
Let z(x) = -98*x + 1188. Calculate z(12).
12
Let i(r) = r**3 - 5*r**2 - 88*r - 22. Determine i(-7).
6
Let o(b) = -262*b - 22540. What is o(-86)?
-8
Let c(o) = -275*o + 898. What is c(4)?
-202
Let g(f) = -f**3 - 42*f**2 + 45*f + 68. Determine g(-43).
-18
Let j(z) = -72*z + 5537. Calculate j(77).
-7
Let j(s) = 349*s + 1041. Determine j(-3).
-6
Let n(b) = -b**3 - 7*b**2 - 23. Calculate n(-9).
139
Let f(c) = -6*c**2 - 80. Give f(-6).
-296
Let g(y) = -1555*y + 7788. Give g(5).
13
Let c(p) = p**3 + 13*p**2 + 39*p - 6. Calculate c(-9).
-33
Let l(n) = n**2 + 38*n + 279. Determine l(-8).
39
Let q(p) = -58*p + 1041. Give q(18).
-3
Let a(d) = -d + 424. What is a(28)?
396
Let o(r) = -3*r**2 + 432*r + 874. Calculate o(146).
-2
Let b(t) = t**2 + 34*t + 133. Determine b(-5).
-12
Let z(t) = -t**2 + 7*t + 20. What is z(12)?
-40
Let w(z) = -2*z**3 + 30*z**2 + 65*z + 19. Determine w(17).
-32
Let c(m) = 3*m**3 - 9*m**2 - 2*m - 25. Calculate c(4).
15
Let g(b) = b**2 + 184*b + 4243. Determine g(-27).
4
Let u(o) = -28*o - 114. Determine u(-4).
-2
Let x(n) = -49*n - 1124. What is x(-24)?
52
Let a(v) = -v**3 + 18*v**2 + 21*v - 51. What is a(19)?
-13
Let r(x) = 72*x + 1061. What is r(-15)?
-19
Let m(x) = -x**3 + x - 4. Determine m(-2).
2
Let n(a) = 136*a + 10055. What is n(-74)?
-9
Let s(j) = 2*j**2 - 38*j + 104. Calculate s(18).
68
Let g(w) = -151*w - 489. What is g(-3)?
-36
Let y(a) = -20*a - 1019. What is y(-53)?
41
Let x(n) = -5*n**2 - n + 69. Give x(6).
-117
Let x(f) = -4960*f - 193444. What is x(-39)?
-4
Let a(y) = 111*y + 1562. Give a(-14).
8
Let o(l) = 5*l**2 + 26*l + 7. What is o(5)?
262
Let f(m) = 3*m**2 - 84*m - 87. Calculate f(28).
-87
Let m(r) = -43*r + 590. What is m(14)?
-12
Let t(s) = 66*s + 498. Calculate t(-8).
-30
Let k(d) = -2495*d + 39923. What is k(16)?
3
Let t(m) = 26*m**2 + 256*m + 1. Give t(-9).
-197
Let k(b) = -17*b + 595. Calculate k(34).
17
Let y(j) = -2*j**3 - 83*j**2 - 117*j + 116. Calculate y(-40).
-4
Let a(y) = -232*y**3 - y**2 + 4*y + 4. Give a(-1).
231
Let c(l) = 7*l**3 - 46*l**2 + 45*l. Determine c(1).
6
Let b(h) = 230*h - 9203. What is b(40)?
-3
Let k(h) = 132*h + 1714. What is k(-14)?
-134
Let f(s) = 137*s - 1304. Determine f(12).
340
Let m(t) = 60*t - 997. Give m(18).
83
Let i(z) = 6*z**2 + 8*z - 20. Give i(-7).
218
Let j(q) = -5040*q - 131040. Calculate j(-26).
0
Let v(r) = -395*r + 25661. Determine v(65).
-14
Let y(m) = -34*m + 2270. What is y(67)?
-8
Let f(g) = 9*g**2 - 72*g + 43. Determine f(7).
-20
Let i(p) = -1087*p - 6520. What is i(-6)?
2
Let m(b) = b**2 - 102*b + 936. Calculate m(10).
16
Let d(m) = 32*m - 2376. Calculate d(74).
-8
Let x(q) = q**3 + 12*q**2 + 2*q - 28. Determine x(-6).
176
Let z(g) = 6123*g + 42854. What is z(-7)?
-7
Let t(z) = -6*z**3 + 142*z**2 + 933*z - 121. What is t(29)?
24
Let g(y) = -y**3 - 43*y**2 - 99*y - 143. What is g(-41)?
554
Let f(i) = -1197*i - 9573. Give f(-8).
3
Let h(q) = 2*q**3 + 7*q**2 - 2*q - 19. What is h(0)?
-19
Let i(c) = 185*c + 10916. Calculate i(-59).
1
Let q(y) = 97*y + 29. Determine q(0).
29
Let d(h) = 468*h - 2388. What is d(5)?
-48
Let v(q) = -92*q + 570. Give v(7).
-74
Let h(b) = b**2 + 26*b + 81. Calculate h(-6).
-39
Let l(t) = -41*t - 708. Give l(-17).
-11
Let c(a) = 45*a**3 + 5*a**2 - 12*a + 6. Determine c(1).
44
Let l(p) = p**2 + 236*p - 3489. Give l(14).
11
Let n(c) = -c**2 + 267*c + 2786. Give n(-10).
16
Let j(o) = -o**3 + 31*o**2 + 218*o + 145. Give j(37).
-3
Let u(x) = -x**2 + 13*x + 206. Calculate u(21).
38
Let a(q) = -3*q**3 + 16*q + 27. Calculate a(-6).
579
Let q(y) = y**2 + 74*y + 912. Calculate q(-14).
72
Let m(n) = 4*n**2 + 72*n - 129. Give m(-20).
31
Let i(w) = -w**2 - 132*w + 7. What is i(-132)?
7
Let l(q) = -8*q + 427. Give l(41).
99
Let w(t) = 618*t - 6181. Calculate w(10).
-1
Let k(u) = 2*u**2 + 361*u - 3025. What is k(8)?
-9
Let i(v) = -50*v**2 - 2*v + 49. What is i(-4)?
-743
Let r(v) = -6*v - 558. Give r(-71).
-132
Let i(h) = -4*h - 88. Give i(-6).
-64
Let j(q) = -8*q**2 + 33*q - 3. Calculate j(9).
-354
Let i(k) = 16074*k + 610821. Calculate i(-38).
9
Let t(l) = -327*l + 1942. What is t(6)?
-20
Let b(y) = -4*y**2 - 6*y + 27. Determine b(-3).
9
Let g(l) = -l**3 + 7*l**2 - 36*l + 168. Determine g(6).
-12
Let r(g) = -300*g**2 + 602*g - 5. What is r(2)?
-1
Let q(w) = -w**3 + 336*w**2 - 7488*w - 12. Give q(24).
-12
Let t(g) = 13*g**2 - 13*g - 76. Give t(-8).
860
Let y(o) = -2*o**2 + 15*o - 3. Calculate y(12).
-111
Let b(c) = -2*c**3 - 47*c**2 - 21*c + 38. Determine b(-23).
-8
Let l(s) = -s**3 + 12*s**2 - 20*s + 59. Calculate l(6).
155
Let h(r) = 14*r**3 + 44*r**2 + 5*r + 9. Calculate h(-3).
12
Let k(u) = 5*u - 34. Determine k(-5).
-59
Let q(b) = 8*b